{"id":106642,"date":"2024-06-18T08:55:41","date_gmt":"2024-06-18T08:55:41","guid":{"rendered":"https:\/\/www.polidesign.net\/it\/?post_type=people&#038;p=106642"},"modified":"2024-06-18T08:55:41","modified_gmt":"2024-06-18T08:55:41","slug":"laura-marcati","status":"publish","type":"people","link":"https:\/\/www.polidesign.net\/en\/people\/laura-marcati\/","title":{"rendered":"Laura Marcati"},"author":39,"featured_media":106643,"template":"","meta":[],"yoast_head":"<!-- This site is optimized with the Yoast SEO plugin v15.7 - https:\/\/yoast.com\/wordpress\/plugins\/seo\/ -->\n<title>Laura Marcati &bull; POLI.design<\/title>\n<meta name=\"robots\" content=\"index, follow, max-snippet:-1, max-image-preview:large, max-video-preview:-1\" \/>\n<link rel=\"canonical\" href=\"https:\/\/www.polidesign.net\/en\/people\/laura-marcati\/\" \/>\n<meta property=\"og:locale\" content=\"en_US\" \/>\n<meta property=\"og:type\" content=\"article\" \/>\n<meta property=\"og:title\" content=\"Laura Marcati &bull; POLI.design\" \/>\n<meta property=\"og:url\" content=\"https:\/\/www.polidesign.net\/en\/people\/laura-marcati\/\" \/>\n<meta property=\"og:site_name\" content=\"POLI.design\" \/>\n<meta property=\"article:publisher\" content=\"https:\/\/www.facebook.com\/polidesignmilano\" \/>\n<meta property=\"og:image\" content=\"https:\/\/www.polidesign.net\/wp-content\/uploads\/2024\/06\/Marcati-Laura_circle.png\" \/>\n\t<meta property=\"og:image:width\" content=\"600\" \/>\n\t<meta property=\"og:image:height\" content=\"600\" \/>\n<meta name=\"twitter:card\" content=\"summary_large_image\" \/>\n<meta name=\"twitter:site\" content=\"@POLI_design\" \/>\n<script type=\"application\/ld+json\" class=\"yoast-schema-graph\">{\"@context\":\"https:\/\/schema.org\",\"@graph\":[{\"@type\":\"Organization\",\"@id\":\"https:\/\/www.polidesign.net\/it\/#organization\",\"name\":\"POLI.design\",\"url\":\"https:\/\/www.polidesign.net\/it\/\",\"sameAs\":[\"https:\/\/www.facebook.com\/polidesignmilano\",\"https:\/\/www.instagram.com\/polidesign\/\",\"https:\/\/www.linkedin.com\/company\/polidesign-milano\",\"https:\/\/www.youtube.com\/user\/POLIdesign\",\"https:\/\/twitter.com\/POLI_design\"],\"logo\":{\"@type\":\"ImageObject\",\"@id\":\"https:\/\/www.polidesign.net\/it\/#logo\",\"inLanguage\":\"en-US\",\"url\":\"https:\/\/www.polidesign.net\/wp-content\/uploads\/2020\/10\/Logo-Polidesign-14.svg\",\"width\":182,\"height\":36,\"caption\":\"POLI.design\"},\"image\":{\"@id\":\"https:\/\/www.polidesign.net\/it\/#logo\"}},{\"@type\":\"WebSite\",\"@id\":\"https:\/\/www.polidesign.net\/it\/#website\",\"url\":\"https:\/\/www.polidesign.net\/it\/\",\"name\":\"POLI.design\",\"description\":\"\",\"publisher\":{\"@id\":\"https:\/\/www.polidesign.net\/it\/#organization\"},\"potentialAction\":[{\"@type\":\"SearchAction\",\"target\":\"https:\/\/www.polidesign.net\/it\/?s={search_term_string}\",\"query-input\":\"required name=search_term_string\"}],\"inLanguage\":\"en-US\"},{\"@type\":\"ImageObject\",\"@id\":\"https:\/\/www.polidesign.net\/en\/people\/laura-marcati\/#primaryimage\",\"inLanguage\":\"en-US\",\"url\":\"https:\/\/www.polidesign.net\/wp-content\/uploads\/2024\/06\/Marcati-Laura_circle.png\",\"width\":600,\"height\":600},{\"@type\":\"WebPage\",\"@id\":\"https:\/\/www.polidesign.net\/en\/people\/laura-marcati\/#webpage\",\"url\":\"https:\/\/www.polidesign.net\/en\/people\/laura-marcati\/\",\"name\":\"Laura Marcati &bull; POLI.design\",\"isPartOf\":{\"@id\":\"https:\/\/www.polidesign.net\/it\/#website\"},\"primaryImageOfPage\":{\"@id\":\"https:\/\/www.polidesign.net\/en\/people\/laura-marcati\/#primaryimage\"},\"datePublished\":\"2024-06-18T08:55:41+00:00\",\"dateModified\":\"2024-06-18T08:55:41+00:00\",\"inLanguage\":\"en-US\",\"potentialAction\":[{\"@type\":\"ReadAction\",\"target\":[\"https:\/\/www.polidesign.net\/en\/people\/laura-marcati\/\"]}]}]}<\/script>\n<!-- \/ Yoast SEO plugin. -->","acf":{"nome":"Laura","cognome":"Marcati","carica":"","foto":{"ID":106643,"id":106643,"title":"Marcati Laura_circle","filename":"Marcati-Laura_circle.png","filesize":107063,"url":"https:\/\/www.polidesign.net\/wp-content\/uploads\/2024\/06\/Marcati-Laura_circle.png","link":"https:\/\/www.polidesign.net\/en\/people\/laura-marcati\/attachment\/marcati-laura_circle\/","alt":"","author":"39","description":"","caption":"","name":"marcati-laura_circle","status":"inherit","uploaded_to":106642,"date":"2024-06-18 08:55:15","modified":"2024-06-18 08:55:15","menu_order":0,"mime_type":"image\/png","type":"image","subtype":"png","icon":"https:\/\/www.polidesign.net\/wp-includes\/images\/media\/default.png","width":600,"height":600,"sizes":{"thumbnail":"https:\/\/www.polidesign.net\/wp-content\/uploads\/2024\/06\/Marcati-Laura_circle-150x150.png","thumbnail-width":150,"thumbnail-height":150,"medium":"https:\/\/www.polidesign.net\/wp-content\/uploads\/2024\/06\/Marcati-Laura_circle-300x300.png","medium-width":300,"medium-height":300,"medium_large":"https:\/\/www.polidesign.net\/wp-content\/uploads\/2024\/06\/Marcati-Laura_circle.png","medium_large-width":600,"medium_large-height":600,"large":"https:\/\/www.polidesign.net\/wp-content\/uploads\/2024\/06\/Marcati-Laura_circle.png","large-width":600,"large-height":600,"1536x1536":"https:\/\/www.polidesign.net\/wp-content\/uploads\/2024\/06\/Marcati-Laura_circle.png","1536x1536-width":600,"1536x1536-height":600,"2048x2048":"https:\/\/www.polidesign.net\/wp-content\/uploads\/2024\/06\/Marcati-Laura_circle.png","2048x2048-width":600,"2048x2048-height":600}},"motto":"","relazioni":{"corso":[],"area_formazione":false,"tipologia_formazione":false,"settore":false,"tags_poli":false,"ways_of_innovation":false,"alumni":false,"people":""},"contatti":false,"people_tab_didattica_contenuto":false,"people_formazione":[],"people_tab_bio_content":"<p>Laura Marcati \u00e8 dottoranda presso il Politecnico di Milano. La sua attivit\u00e0 di ricerca \u00e8 focalizzata sulle metodologie per la misurazione e la valutazione della circolarit\u00e0. Supporta le attivit\u00e0 didattiche relative al corso di Circular Economy Business Model della Laurea Magistrale in Ingegneria Gestionale del Politecnico di Milano.<\/p>\n<p>Lavora presso il gruppo di ricerca Energy &amp; Strategy della School of Management del Politecnico di Milano, dove \u00e8 consulente e project manager di osservatori di ricerca e progetti di consulenza su temi relativi alla transizione ecologica, con particolare focus su economia circolare ed efficienza energetica.<\/p>\n<p>&nbsp;<\/p>\n","people_tab_pubblicazioni_contenuto":false,"people_press":"","people_tab_articoli_contenuto":false,"people_news":"","people_tab_showcase_contenuto":false,"people_showcase":"","people_tab_eventi_contenuto":false,"people_eventi":""},"_links":{"self":[{"href":"https:\/\/www.polidesign.net\/en\/wp-json\/wp\/v2\/people\/106642"}],"collection":[{"href":"https:\/\/www.polidesign.net\/en\/wp-json\/wp\/v2\/people"}],"about":[{"href":"https:\/\/www.polidesign.net\/en\/wp-json\/wp\/v2\/types\/people"}],"author":[{"embeddable":true,"href":"https:\/\/www.polidesign.net\/en\/wp-json\/wp\/v2\/users\/39"}],"version-history":[{"count":1,"href":"https:\/\/www.polidesign.net\/en\/wp-json\/wp\/v2\/people\/106642\/revisions"}],"predecessor-version":[{"id":106645,"href":"https:\/\/www.polidesign.net\/en\/wp-json\/wp\/v2\/people\/106642\/revisions\/106645"}],"wp:featuredmedia":[{"embeddable":true,"href":"https:\/\/www.polidesign.net\/en\/wp-json\/wp\/v2\/media\/106643"}],"wp:attachment":[{"href":"https:\/\/www.polidesign.net\/en\/wp-json\/wp\/v2\/media?parent=106642"}],"curies":[{"name":"wp","href":"https:\/\/api.w.org\/{rel}","templated":true}]}}

<p>Laura Marcati è dottoranda presso il Politecnico di Milano. La sua attività di ricerca è focalizzata sulle metodologie per la misurazione e la valutazione della circolarità. Supporta le attività didattiche relative al corso di Circular Economy Business Model della Laurea Magistrale in Ingegneria Gestionale del Politecnico di Milano.</p>
<p>Lavora presso il gruppo di ricerca Energy &amp; Strategy della School of Management del Politecnico di Milano, dove è consulente e project manager di osservatori di ricerca e progetti di consulenza su temi relativi alla transizione ecologica, con particolare focus su economia circolare ed efficienza energetica.</p>
<p>&nbsp;</p>
