{"id":93402,"date":"2024-01-16T09:00:26","date_gmt":"2024-01-16T09:00:26","guid":{"rendered":"https:\/\/www.polidesign.net\/it\/?post_type=people&#038;p=93402"},"modified":"2024-01-16T09:00:26","modified_gmt":"2024-01-16T09:00:26","slug":"alessandra-spagnoli","status":"publish","type":"people","link":"https:\/\/www.polidesign.net\/en\/people\/alessandra-spagnoli\/","title":{"rendered":"Alessandra Spagnoli"},"author":2795,"featured_media":93403,"template":"","meta":[],"yoast_head":"<!-- This site is optimized with the Yoast SEO plugin v15.7 - https:\/\/yoast.com\/wordpress\/plugins\/seo\/ -->\n<title>Alessandra Spagnoli &bull; POLI.design<\/title>\n<meta name=\"robots\" content=\"index, follow, max-snippet:-1, max-image-preview:large, max-video-preview:-1\" \/>\n<link rel=\"canonical\" href=\"https:\/\/www.polidesign.net\/en\/people\/alessandra-spagnoli\/\" \/>\n<meta property=\"og:locale\" content=\"en_US\" \/>\n<meta property=\"og:type\" content=\"article\" \/>\n<meta property=\"og:title\" content=\"Alessandra Spagnoli &bull; POLI.design\" \/>\n<meta property=\"og:url\" content=\"https:\/\/www.polidesign.net\/en\/people\/alessandra-spagnoli\/\" \/>\n<meta property=\"og:site_name\" content=\"POLI.design\" \/>\n<meta property=\"article:publisher\" content=\"https:\/\/www.facebook.com\/polidesignmilano\" \/>\n<meta property=\"og:image\" content=\"https:\/\/www.polidesign.net\/wp-content\/uploads\/2024\/01\/Alessandra-Spagnoli.png\" \/>\n\t<meta property=\"og:image:width\" content=\"600\" \/>\n\t<meta property=\"og:image:height\" content=\"600\" \/>\n<meta name=\"twitter:card\" content=\"summary_large_image\" \/>\n<meta name=\"twitter:site\" content=\"@POLI_design\" \/>\n<script type=\"application\/ld+json\" class=\"yoast-schema-graph\">{\"@context\":\"https:\/\/schema.org\",\"@graph\":[{\"@type\":\"Organization\",\"@id\":\"https:\/\/www.polidesign.net\/it\/#organization\",\"name\":\"POLI.design\",\"url\":\"https:\/\/www.polidesign.net\/it\/\",\"sameAs\":[\"https:\/\/www.facebook.com\/polidesignmilano\",\"https:\/\/www.instagram.com\/polidesign\/\",\"https:\/\/www.linkedin.com\/company\/polidesign-milano\",\"https:\/\/www.youtube.com\/user\/POLIdesign\",\"https:\/\/twitter.com\/POLI_design\"],\"logo\":{\"@type\":\"ImageObject\",\"@id\":\"https:\/\/www.polidesign.net\/it\/#logo\",\"inLanguage\":\"en-US\",\"url\":\"https:\/\/www.polidesign.net\/wp-content\/uploads\/2020\/10\/Logo-Polidesign-14.svg\",\"width\":182,\"height\":36,\"caption\":\"POLI.design\"},\"image\":{\"@id\":\"https:\/\/www.polidesign.net\/it\/#logo\"}},{\"@type\":\"WebSite\",\"@id\":\"https:\/\/www.polidesign.net\/it\/#website\",\"url\":\"https:\/\/www.polidesign.net\/it\/\",\"name\":\"POLI.design\",\"description\":\"\",\"publisher\":{\"@id\":\"https:\/\/www.polidesign.net\/it\/#organization\"},\"potentialAction\":[{\"@type\":\"SearchAction\",\"target\":\"https:\/\/www.polidesign.net\/it\/?s={search_term_string}\",\"query-input\":\"required name=search_term_string\"}],\"inLanguage\":\"en-US\"},{\"@type\":\"ImageObject\",\"@id\":\"https:\/\/www.polidesign.net\/en\/people\/alessandra-spagnoli\/#primaryimage\",\"inLanguage\":\"en-US\",\"url\":\"https:\/\/www.polidesign.net\/wp-content\/uploads\/2024\/01\/Alessandra-Spagnoli.png\",\"width\":600,\"height\":600},{\"@type\":\"WebPage\",\"@id\":\"https:\/\/www.polidesign.net\/en\/people\/alessandra-spagnoli\/#webpage\",\"url\":\"https:\/\/www.polidesign.net\/en\/people\/alessandra-spagnoli\/\",\"name\":\"Alessandra Spagnoli &bull; POLI.design\",\"isPartOf\":{\"@id\":\"https:\/\/www.polidesign.net\/it\/#website\"},\"primaryImageOfPage\":{\"@id\":\"https:\/\/www.polidesign.net\/en\/people\/alessandra-spagnoli\/#primaryimage\"},\"datePublished\":\"2024-01-16T09:00:26+00:00\",\"dateModified\":\"2024-01-16T09:00:26+00:00\",\"inLanguage\":\"en-US\",\"potentialAction\":[{\"@type\":\"ReadAction\",\"target\":[\"https:\/\/www.polidesign.net\/en\/people\/alessandra-spagnoli\/\"]}]}]}<\/script>\n<!-- \/ Yoast SEO plugin. -->","acf":{"nome":"Alessandra","cognome":"Spagnoli","carica":"","foto":{"ID":93403,"id":93403,"title":"Alessandra Spagnoli","filename":"Alessandra-Spagnoli.png","filesize":125022,"url":"https:\/\/www.polidesign.net\/wp-content\/uploads\/2024\/01\/Alessandra-Spagnoli.png","link":"https:\/\/www.polidesign.net\/en\/people\/alessandra-spagnoli\/attachment\/alessandra-spagnoli\/","alt":"","author":"2795","description":"","caption":"","name":"alessandra-spagnoli","status":"inherit","uploaded_to":93402,"date":"2024-01-16 08:58:34","modified":"2024-01-16 08:58:34","menu_order":0,"mime_type":"image\/png","type":"image","subtype":"png","icon":"https:\/\/www.polidesign.net\/wp-includes\/images\/media\/default.png","width":600,"height":600,"sizes":{"thumbnail":"https:\/\/www.polidesign.net\/wp-content\/uploads\/2024\/01\/Alessandra-Spagnoli-150x150.png","thumbnail-width":150,"thumbnail-height":150,"medium":"https:\/\/www.polidesign.net\/wp-content\/uploads\/2024\/01\/Alessandra-Spagnoli-300x300.png","medium-width":300,"medium-height":300,"medium_large":"https:\/\/www.polidesign.net\/wp-content\/uploads\/2024\/01\/Alessandra-Spagnoli.png","medium_large-width":600,"medium_large-height":600,"large":"https:\/\/www.polidesign.net\/wp-content\/uploads\/2024\/01\/Alessandra-Spagnoli.png","large-width":600,"large-height":600,"1536x1536":"https:\/\/www.polidesign.net\/wp-content\/uploads\/2024\/01\/Alessandra-Spagnoli.png","1536x1536-width":600,"1536x1536-height":600,"2048x2048":"https:\/\/www.polidesign.net\/wp-content\/uploads\/2024\/01\/Alessandra-Spagnoli.png","2048x2048-width":600,"2048x2048-height":600}},"motto":"","relazioni":{"corso":[{"ID":93398,"post_author":"2795","post_date":"2023-11-06 17:06:58","post_date_gmt":"2023-11-06 17:06:58","post_content":"","post_title":"Design for Fashion Retail","post_excerpt":"","post_status":"draft","comment_status":"closed","ping_status":"closed","post_password":"","post_name":"specializing-master-in-design-for-fashion-retail","to_ping":"","pinged":"","post_modified":"2025-03-31 06:31:43","post_modified_gmt":"2025-03-31 06:31:43","post_content_filtered":"","post_parent":0,"guid":"https:\/\/www.polidesign.net\/?post_type=formazione&#038;p=93398","menu_order":76,"post_type":"formazione","post_mime_type":"","comment_count":"0","filter":"raw"}],"area_formazione":false,"tipologia_formazione":false,"settore":false,"tags_poli":false,"ways_of_innovation":false,"alumni":false,"people":""},"contatti":false,"people_tab_didattica_contenuto":false,"people_formazione":[{"ID":93398,"post_author":"2795","post_date":"2023-11-06 17:06:58","post_date_gmt":"2023-11-06 17:06:58","post_content":"","post_title":"Design for Fashion Retail","post_excerpt":"","post_status":"draft","comment_status":"closed","ping_status":"closed","post_password":"","post_name":"specializing-master-in-design-for-fashion-retail","to_ping":"","pinged":"","post_modified":"2025-03-31 06:31:43","post_modified_gmt":"2025-03-31 06:31:43","post_content_filtered":"","post_parent":0,"guid":"https:\/\/www.polidesign.net\/?post_type=formazione&#038;p=93398","menu_order":76,"post_type":"formazione","post_mime_type":"","comment_count":"0","filter":"raw"}],"people_tab_bio_content":"<p>PhD in Design and Technologies for the Enhancement of Cultural Heritage, Assistant Professor at Politecnico di Milano, Design Department. She is member of the Fip \u2013 Fashion in Process Research Lab. She is Faculty Member of the School of Design, Politecnico di Milano, where she is Secretary of the Fashion Design Programs (BA and MSc). She is member of the PhD Faculty of the PhD Design School at Politecnico di Milano.<\/p>\n<p>Her research interests concern managing design-driven processes for developing and enhancing Cultural Heritage and CCIs, exploring new paradigms and narrative structures in retail design, studying technological impact on retail omnichannel customer experience, and developing servitisation processes in fashion retail.<\/p>\n<p>&nbsp;<\/p>\n<hr \/>\n<p>&nbsp;<\/p>\n<p>PhD in Design e Tecnologie per la Valorizzazione dei Beni Culturali, \u00e8 Ricercatrice al Politecnico di Milano, Dipartimento di Design. \u00c8 membro di Fip \u2013 Fashion in Process Research Lab. \u00c8 membro della Faculty della Scuola del Design del Politecnico di Milano, dove \u00e8 segretaria dei corsi di Fashion Design (BA e MSc). \u00c8 membro della Faculty del Dottorato di Ricerca della Scuola di Design del Politecnico di Milano.<\/p>\n<p>I suoi interessi di ricerca riguardano la gestione di processi design-driven per lo sviluppo e la valorizzazione delle Cultural &amp; Creative Industries, l\u2019esplorazione di nuovi paradigmi e modelli narrativi nel retail design, lo studio dell\u2019impatto della transizione tecnologica sulla customer experience nel retail in un contesto omnicanale e lo sviluppo di processi di servitizzazione nel fashion retail.<\/p>\n","people_tab_pubblicazioni_contenuto":false,"people_press":"","people_tab_articoli_contenuto":false,"people_news":"","people_tab_showcase_contenuto":false,"people_showcase":"","people_tab_eventi_contenuto":false,"people_eventi":""},"_links":{"self":[{"href":"https:\/\/www.polidesign.net\/en\/wp-json\/wp\/v2\/people\/93402"}],"collection":[{"href":"https:\/\/www.polidesign.net\/en\/wp-json\/wp\/v2\/people"}],"about":[{"href":"https:\/\/www.polidesign.net\/en\/wp-json\/wp\/v2\/types\/people"}],"author":[{"embeddable":true,"href":"https:\/\/www.polidesign.net\/en\/wp-json\/wp\/v2\/users\/2795"}],"version-history":[{"count":1,"href":"https:\/\/www.polidesign.net\/en\/wp-json\/wp\/v2\/people\/93402\/revisions"}],"predecessor-version":[{"id":93405,"href":"https:\/\/www.polidesign.net\/en\/wp-json\/wp\/v2\/people\/93402\/revisions\/93405"}],"wp:featuredmedia":[{"embeddable":true,"href":"https:\/\/www.polidesign.net\/en\/wp-json\/wp\/v2\/media\/93403"}],"wp:attachment":[{"href":"https:\/\/www.polidesign.net\/en\/wp-json\/wp\/v2\/media?parent=93402"}],"curies":[{"name":"wp","href":"https:\/\/api.w.org\/{rel}","templated":true}]}}

<p>PhD in Design and Technologies for the Enhancement of Cultural Heritage, Assistant Professor at Politecnico di Milano, Design Department. She is member of the Fip – Fashion in Process Research Lab. She is Faculty Member of the School of Design, Politecnico di Milano, where she is Secretary of the Fashion Design Programs (BA and MSc). She is member of the PhD Faculty of the PhD Design School at Politecnico di Milano.</p>
<p>Her research interests concern managing design-driven processes for developing and enhancing Cultural Heritage and CCIs, exploring new paradigms and narrative structures in retail design, studying technological impact on retail omnichannel customer experience, and developing servitisation processes in fashion retail.</p>
<p>&nbsp;</p>
<hr />
<p>&nbsp;</p>
<p>PhD in Design e Tecnologie per la Valorizzazione dei Beni Culturali, è Ricercatrice al Politecnico di Milano, Dipartimento di Design. È membro di Fip – Fashion in Process Research Lab. È membro della Faculty della Scuola del Design del Politecnico di Milano, dove è segretaria dei corsi di Fashion Design (BA e MSc). È membro della Faculty del Dottorato di Ricerca della Scuola di Design del Politecnico di Milano.</p>
<p>I suoi interessi di ricerca riguardano la gestione di processi design-driven per lo sviluppo e la valorizzazione delle Cultural &amp; Creative Industries, l’esplorazione di nuovi paradigmi e modelli narrativi nel retail design, lo studio dell’impatto della transizione tecnologica sulla customer experience nel retail in un contesto omnicanale e lo sviluppo di processi di servitizzazione nel fashion retail.</p>
