{"id":42151,"date":"2022-04-01T10:44:03","date_gmt":"2022-04-01T10:44:03","guid":{"rendered":"https:\/\/www.polidesign.net\/?post_type=eventi&#038;p=42151"},"modified":"2022-05-25T08:47:16","modified_gmt":"2022-05-25T08:47:16","slug":"master-class-sustainable-aesthetics-goodbye-lifestyle-hello-living-models","status":"publish","type":"eventi","link":"https:\/\/www.polidesign.net\/it\/eventi\/master-class-sustainable-aesthetics-goodbye-lifestyle-hello-living-models\/","title":{"rendered":"Master Class: Sustainable Aesthetics. Goodbye Lifestyle, hello Living Models"},"featured_media":42183,"template":"","meta":[],"yoast_head":"<!-- This site is optimized with the Yoast SEO plugin v15.7 - https:\/\/yoast.com\/wordpress\/plugins\/seo\/ -->\n<title>Master Class: Sustainable Aesthetics. Goodbye Lifestyle, hello Living Models &bull; POLI.design<\/title>\n<meta name=\"robots\" content=\"index, follow, max-snippet:-1, max-image-preview:large, max-video-preview:-1\" \/>\n<link rel=\"canonical\" href=\"https:\/\/www.polidesign.net\/it\/eventi\/master-class-sustainable-aesthetics-goodbye-lifestyle-hello-living-models\/\" \/>\n<meta property=\"og:locale\" content=\"it_IT\" \/>\n<meta property=\"og:type\" content=\"article\" \/>\n<meta property=\"og:title\" content=\"Master Class: Sustainable Aesthetics. Goodbye Lifestyle, hello Living Models &bull; POLI.design\" \/>\n<meta property=\"og:url\" content=\"https:\/\/www.polidesign.net\/it\/eventi\/master-class-sustainable-aesthetics-goodbye-lifestyle-hello-living-models\/\" \/>\n<meta property=\"og:site_name\" content=\"POLI.design\" \/>\n<meta property=\"article:publisher\" content=\"https:\/\/www.facebook.com\/polidesignmilano\" \/>\n<meta property=\"article:modified_time\" content=\"2022-05-25T08:47:16+00:00\" \/>\n<meta property=\"og:image\" content=\"https:\/\/www.polidesign.net\/wp-content\/uploads\/2022\/04\/square-sito-clino_Tavola-disegno-1-copy-1.jpg\" \/>\n\t<meta property=\"og:image:width\" content=\"1001\" \/>\n\t<meta property=\"og:image:height\" content=\"1001\" \/>\n<meta name=\"twitter:card\" content=\"summary_large_image\" \/>\n<meta name=\"twitter:site\" content=\"@POLI_design\" \/>\n<script type=\"application\/ld+json\" class=\"yoast-schema-graph\">{\"@context\":\"https:\/\/schema.org\",\"@graph\":[{\"@type\":\"Organization\",\"@id\":\"https:\/\/www.polidesign.net\/it\/#organization\",\"name\":\"POLI.design\",\"url\":\"https:\/\/www.polidesign.net\/it\/\",\"sameAs\":[\"https:\/\/www.facebook.com\/polidesignmilano\",\"https:\/\/www.instagram.com\/polidesign\/\",\"https:\/\/www.linkedin.com\/company\/polidesign-milano\",\"https:\/\/www.youtube.com\/user\/POLIdesign\",\"https:\/\/twitter.com\/POLI_design\"],\"logo\":{\"@type\":\"ImageObject\",\"@id\":\"https:\/\/www.polidesign.net\/it\/#logo\",\"inLanguage\":\"it-IT\",\"url\":\"https:\/\/www.polidesign.net\/wp-content\/uploads\/2020\/10\/Logo-Polidesign-14.svg\",\"width\":182,\"height\":36,\"caption\":\"POLI.design\"},\"image\":{\"@id\":\"https:\/\/www.polidesign.net\/it\/#logo\"}},{\"@type\":\"WebSite\",\"@id\":\"https:\/\/www.polidesign.net\/it\/#website\",\"url\":\"https:\/\/www.polidesign.net\/it\/\",\"name\":\"POLI.design\",\"description\":\"\",\"publisher\":{\"@id\":\"https:\/\/www.polidesign.net\/it\/#organization\"},\"potentialAction\":[{\"@type\":\"SearchAction\",\"target\":\"https:\/\/www.polidesign.net\/it\/?s={search_term_string}\",\"query-input\":\"required name=search_term_string\"}],\"inLanguage\":\"it-IT\"},{\"@type\":\"ImageObject\",\"@id\":\"https:\/\/www.polidesign.net\/it\/eventi\/master-class-sustainable-aesthetics-goodbye-lifestyle-hello-living-models\/#primaryimage\",\"inLanguage\":\"it-IT\",\"url\":\"https:\/\/www.polidesign.net\/wp-content\/uploads\/2022\/04\/square-sito-clino_Tavola-disegno-1-copy-1.jpg\",\"width\":1001,\"height\":1001},{\"@type\":\"WebPage\",\"@id\":\"https:\/\/www.polidesign.net\/it\/eventi\/master-class-sustainable-aesthetics-goodbye-lifestyle-hello-living-models\/#webpage\",\"url\":\"https:\/\/www.polidesign.net\/it\/eventi\/master-class-sustainable-aesthetics-goodbye-lifestyle-hello-living-models\/\",\"name\":\"Master Class: Sustainable Aesthetics. Goodbye Lifestyle, hello Living Models &bull; POLI.design\",\"isPartOf\":{\"@id\":\"https:\/\/www.polidesign.net\/it\/#website\"},\"primaryImageOfPage\":{\"@id\":\"https:\/\/www.polidesign.net\/it\/eventi\/master-class-sustainable-aesthetics-goodbye-lifestyle-hello-living-models\/#primaryimage\"},\"datePublished\":\"2022-04-01T10:44:03+00:00\",\"dateModified\":\"2022-05-25T08:47:16+00:00\",\"inLanguage\":\"it-IT\",\"potentialAction\":[{\"@type\":\"ReadAction\",\"target\":[\"https:\/\/www.polidesign.net\/it\/eventi\/master-class-sustainable-aesthetics-goodbye-lifestyle-hello-living-models\/\"]}]}]}<\/script>\n<!-- \/ Yoast SEO plugin. -->","acf":{"tipologia_evento":[{"term_id":542,"name":"Talk","slug":"talk","term_group":0,"term_taxonomy_id":542,"taxonomy":"eventi_type","description":"Talk","parent":0,"count":176,"filter":"raw","term_order":"0"}],"relazioni":{"relazioni":{"corso":"","area_formazione":false,"tipologia_formazione":false,"settore":false,"tags_poli":false,"ways_of_innovation":false,"alumni":false,"people":""}},"cover_title":"Master Class: Sustainable Aesthetics. Goodbye Lifestyle, hello Living Models","cover_subTitle":"Clino Trini Castelli | Designer | 11 Aprile 2022","cover_abstract":"","cover_image":{"ID":42183,"id":42183,"title":"square-sito-clino_Tavola-disegno-1-copy-1","filename":"square-sito-clino_Tavola-disegno-1-copy-1.jpg","filesize":297510,"url":"https:\/\/www.polidesign.net\/wp-content\/uploads\/2022\/04\/square-sito-clino_Tavola-disegno-1-copy-1.jpg","link":"https:\/\/www.polidesign.net\/it\/eventi\/master-class-sustainable-aesthetics-goodbye-lifestyle-hello-living-models\/attachment\/square-sito-clino_tavola-disegno-1-copy-1\/","alt":"","author":"956","description":"","caption":"","name":"square-sito-clino_tavola-disegno-1-copy-1","status":"inherit","uploaded_to":42151,"date":"2022-04-04 10:27:28","modified":"2022-04-04 10:28:14","menu_order":0,"mime_type":"image\/jpeg","type":"image","subtype":"jpeg","icon":"https:\/\/www.polidesign.net\/wp-includes\/images\/media\/default.png","width":1001,"height":1001,"sizes":{"thumbnail":"https:\/\/www.polidesign.net\/wp-content\/uploads\/2022\/04\/square-sito-clino_Tavola-disegno-1-copy-2-150x150.jpg","thumbnail-width":150,"thumbnail-height":150,"medium":"https:\/\/www.polidesign.net\/wp-content\/uploads\/2022\/04\/square-sito-clino_Tavola-disegno-1-copy-2-300x300.jpg","medium-width":300,"medium-height":300,"medium_large":"https:\/\/www.polidesign.net\/wp-content\/uploads\/2022\/04\/square-sito-clino_Tavola-disegno-1-copy-2-768x768.jpg","medium_large-width":768,"medium_large-height":768,"large":"https:\/\/www.polidesign.net\/wp-content\/uploads\/2022\/04\/square-sito-clino_Tavola-disegno-1-copy-1.jpg","large-width":1001,"large-height":1001,"1536x1536":"https:\/\/www.polidesign.net\/wp-content\/uploads\/2022\/04\/square-sito-clino_Tavola-disegno-1-copy-1.jpg","1536x1536-width":1001,"1536x1536-height":1001,"2048x2048":"https:\/\/www.polidesign.net\/wp-content\/uploads\/2022\/04\/square-sito-clino_Tavola-disegno-1-copy-1.jpg","2048x2048-width":1001,"2048x2048-height":1001}},"cover_imageThumbnail":{"ID":42183,"id":42183,"title":"square-sito-clino_Tavola-disegno-1-copy-1","filename":"square-sito-clino_Tavola-disegno-1-copy-1.jpg","filesize":297510,"url":"https:\/\/www.polidesign.net\/wp-content\/uploads\/2022\/04\/square-sito-clino_Tavola-disegno-1-copy-1.jpg","link":"https:\/\/www.polidesign.net\/it\/eventi\/master-class-sustainable-aesthetics-goodbye-lifestyle-hello-living-models\/attachment\/square-sito-clino_tavola-disegno-1-copy-1\/","alt":"","author":"956","description":"","caption":"","name":"square-sito-clino_tavola-disegno-1-copy-1","status":"inherit","uploaded_to":42151,"date":"2022-04-04 10:27:28","modified":"2022-04-04 10:28:14","menu_order":0,"mime_type":"image\/jpeg","type":"image","subtype":"jpeg","icon":"https:\/\/www.polidesign.net\/wp-includes\/images\/media\/default.png","width":1001,"height":1001,"sizes":{"thumbnail":"https:\/\/www.polidesign.net\/wp-content\/uploads\/2022\/04\/square-sito-clino_Tavola-disegno-1-copy-2-150x150.jpg","thumbnail-width":150,"thumbnail-height":150,"medium":"https:\/\/www.polidesign.net\/wp-content\/uploads\/2022\/04\/square-sito-clino_Tavola-disegno-1-copy-2-300x300.jpg","medium-width":300,"medium-height":300,"medium_large":"https:\/\/www.polidesign.net\/wp-content\/uploads\/2022\/04\/square-sito-clino_Tavola-disegno-1-copy-2-768x768.jpg","medium_large-width":768,"medium_large-height":768,"large":"https:\/\/www.polidesign.net\/wp-content\/uploads\/2022\/04\/square-sito-clino_Tavola-disegno-1-copy-1.jpg","large-width":1001,"large-height":1001,"1536x1536":"https:\/\/www.polidesign.net\/wp-content\/uploads\/2022\/04\/square-sito-clino_Tavola-disegno-1-copy-1.jpg","1536x1536-width":1001,"1536x1536-height":1001,"2048x2048":"https:\/\/www.polidesign.net\/wp-content\/uploads\/2022\/04\/square-sito-clino_Tavola-disegno-1-copy-1.jpg","2048x2048-width":1001,"2048x2048-height":1001}},"flexible":[{"acf_fc_layout":"simpleTitleText","layout_settings":{"color":"default","component_title":{"isActive":false,"testo":""}},"acfe_flexible_toggle":"","acfe_flexible_layout_title":"Simple Title + Text","numero_di_colonne":"1","content":{"occhiello":"","title":"","title_style":"normal","text":"<h4 style=\"text-align: center\"><strong>Clino Trini Castelli | Designer | 11 Aprile 2022 | ore 17:30<\/strong><\/h4>\n<p>&nbsp;<\/p>\n<p>[\u2026] La natura di un oggetto pu\u00f2 avere una connotazione estetica fondamentale che \u00e8 immanente o trascendente, in gradi diversi. \u00c8 immanente quando la sua identit\u00e0 si basa su segni e valori che sono intrinsecamente connessi alla natura dell&#8217;oggetto. \u00c8 trascendente quando la sua identit\u00e0 \u00e8 proiettata sulla scala delle nozioni soggettive di chi l&#8217;ha creata o di chi la utilizzer\u00e0. Il design industriale invece \u00e8 sempre stato caratterizzato da soluzioni formali e funzionali di natura intrinsecamente immanente [modello], mentre [la trascendenza] tende a rappresentare e rispondere allo [stile di vita] dei creatori o fruitori del prodotto stesso. [\u2026]<\/p>\n<p>&nbsp;<\/p>\n<p>da: Clino T. Castelli, <em>Sustainable Aestethics for the Hitachi Eco-Identity Valuative Report<\/em><\/p>\n","":null,"azione_cta":"legacyLink","cta_style":"button","cta_align":"left","cta":"","titolo_cta":"","modali_disponibil":false,"hubspot_id":"","prefill_campo_richiesta":""},"content_right":{"occhiello":"","title":"","title_style":"normal","text":"","":null,"azione_cta":"","cta_style":"normal","cta_align":"left","cta":null,"titolo_cta":"","modali_disponibil":false,"hubspot_id":"","prefill_campo_richiesta":""}},{"acf_fc_layout":"simpleTitleText","layout_settings":{"color":"default","component_title":{"isActive":false,"testo":""}},"acfe_flexible_toggle":"","acfe_flexible_layout_title":"Simple Title + Text","numero_di_colonne":"1","content":{"occhiello":"","title":"","title_style":"normal","text":"<h4 style=\"text-align: center\"><strong><em>Clino Trini Castelli<\/em><\/strong><\/h4>\n<p>&nbsp;<\/p>\n<p>Nato nel 1944, Clino Trini Castelli \u00e8 designer, artista e teorico del design vive e lavora a Milano. Conosciuto a livello internazionale per il CMF design (Colore, Materiale e Finiture) di cui \u00e8 stato l\u2019iniziatore, Castelli ha introdotto il rinnovamento &#8220;No-form&#8221; dei linguaggi plastici applicati ai prodotti industriali attraverso gli strumenti del Design Primario.<\/p>\n<p>Contrariamente ai metodi compositivi tradizionali, Clino Trini Castelli si \u00e8 concentrato sulla progettazione degli aspetti pi\u00f9 intangibili della figurazione, come colore e materiali, luce e suono, sottolineando le virt\u00f9 di un approccio sensoriale all&#8217;arte e al design.<\/p>\n<p>Fin dai primi anni &#8217;70 \u00e8 stato un pioniere nella ricerca sull&#8217;identit\u00e0 emozionale dei prodotti nel settore industriale. Il suo lavoro ha ricevuto importanti premi europei, americani e giapponesi, tra cui due Compasso d&#8217;Oro ADI.<\/p>\n","":null,"azione_cta":"legacyLink","cta_style":"normal","cta_align":"left","cta":"","titolo_cta":"","modali_disponibil":false,"hubspot_id":"","prefill_campo_richiesta":""},"content_right":{"occhiello":"","title":"","title_style":"normal","text":"","":null,"azione_cta":"","cta_style":"normal","cta_align":"left","cta":null,"titolo_cta":"","modali_disponibil":false,"hubspot_id":"","prefill_campo_richiesta":""}},{"acf_fc_layout":"simpleTitleText","layout_settings":{"color":"default","component_title":{"isActive":false,"testo":""}},"acfe_flexible_toggle":"","acfe_flexible_layout_title":"Simple Title + Text","numero_di_colonne":"1","content":{"occhiello":"","title":"","title_style":"normal","text":"<h4><strong>Progetto di Master Classes <em>\u201cMassive Design Changes: the evolution of Design practices \u2013 the Masters\u2019 standpoint\u201d<\/em> <\/strong><\/h4>\n<p>Scopri di pi\u00f9 sul nuovo progetto di Master Classes di POLI.design che vede la partecipazione di <strong>ospiti d&#8217;eccezione <\/strong>che offriranno una riflessione sul contributo che la\u00a0<strong>Cultura Progettuale\u00a0<\/strong>pu\u00f2 fornire per fronteggiare i macro cambiamenti, veloci e spesso imprevedibili e trasversali, che tutti noi dovremo percorrere.<\/p>\n","":null,"azione_cta":"legacyLink","cta_style":"button","cta_align":"left","cta":{"title":"SCOPRI DI PI\u00d9","url":"https:\/\/www.polidesign.net\/it\/news\/massive-design-changes\/","target":""},"titolo_cta":"","modali_disponibil":false,"hubspot_id":"","prefill_campo_richiesta":""},"content_right":{"occhiello":"","title":"","title_style":"normal","text":"","":null,"azione_cta":"","cta_style":"normal","cta_align":"left","cta":null,"titolo_cta":"","modali_disponibil":false,"hubspot_id":"","prefill_campo_richiesta":""}}]},"_links":{"self":[{"href":"https:\/\/www.polidesign.net\/it\/wp-json\/wp\/v2\/eventi\/42151"}],"collection":[{"href":"https:\/\/www.polidesign.net\/it\/wp-json\/wp\/v2\/eventi"}],"about":[{"href":"https:\/\/www.polidesign.net\/it\/wp-json\/wp\/v2\/types\/eventi"}],"version-history":[{"count":15,"href":"https:\/\/www.polidesign.net\/it\/wp-json\/wp\/v2\/eventi\/42151\/revisions"}],"predecessor-version":[{"id":46291,"href":"https:\/\/www.polidesign.net\/it\/wp-json\/wp\/v2\/eventi\/42151\/revisions\/46291"}],"wp:featuredmedia":[{"embeddable":true,"href":"https:\/\/www.polidesign.net\/it\/wp-json\/wp\/v2\/media\/42183"}],"wp:attachment":[{"href":"https:\/\/www.polidesign.net\/it\/wp-json\/wp\/v2\/media?parent=42151"}],"curies":[{"name":"wp","href":"https:\/\/api.w.org\/{rel}","templated":true}]}}

<h4 style="text-align: center"><strong>Clino Trini Castelli | Designer | 11 Aprile 2022 | ore 17:30</strong></h4>
<p>&nbsp;</p>
<p>[…] La natura di un oggetto può avere una connotazione estetica fondamentale che è immanente o trascendente, in gradi diversi. È immanente quando la sua identità si basa su segni e valori che sono intrinsecamente connessi alla natura dell&#8217;oggetto. È trascendente quando la sua identità è proiettata sulla scala delle nozioni soggettive di chi l&#8217;ha creata o di chi la utilizzerà. Il design industriale invece è sempre stato caratterizzato da soluzioni formali e funzionali di natura intrinsecamente immanente [modello], mentre [la trascendenza] tende a rappresentare e rispondere allo [stile di vita] dei creatori o fruitori del prodotto stesso. […]</p>
<p>&nbsp;</p>
<p>da: Clino T. Castelli, <em>Sustainable Aestethics for the Hitachi Eco-Identity Valuative Report</em></p>

<h4 style="text-align: center"><strong><em>Clino Trini Castelli</em></strong></h4>
<p>&nbsp;</p>
<p>Nato nel 1944, Clino Trini Castelli è designer, artista e teorico del design vive e lavora a Milano. Conosciuto a livello internazionale per il CMF design (Colore, Materiale e Finiture) di cui è stato l’iniziatore, Castelli ha introdotto il rinnovamento &#8220;No-form&#8221; dei linguaggi plastici applicati ai prodotti industriali attraverso gli strumenti del Design Primario.</p>
<p>Contrariamente ai metodi compositivi tradizionali, Clino Trini Castelli si è concentrato sulla progettazione degli aspetti più intangibili della figurazione, come colore e materiali, luce e suono, sottolineando le virtù di un approccio sensoriale all&#8217;arte e al design.</p>
<p>Fin dai primi anni &#8217;70 è stato un pioniere nella ricerca sull&#8217;identità emozionale dei prodotti nel settore industriale. Il suo lavoro ha ricevuto importanti premi europei, americani e giapponesi, tra cui due Compasso d&#8217;Oro ADI.</p>

<h4><strong>Progetto di Master Classes <em>“Massive Design Changes: the evolution of Design practices – the Masters’ standpoint”</em> </strong></h4>
<p>Scopri di più sul nuovo progetto di Master Classes di POLI.design che vede la partecipazione di <strong>ospiti d&#8217;eccezione </strong>che offriranno una riflessione sul contributo che la <strong>Cultura Progettuale </strong>può fornire per fronteggiare i macro cambiamenti, veloci e spesso imprevedibili e trasversali, che tutti noi dovremo percorrere.</p>

SCOPRI DI PIÙ
