{"id":129904,"date":"2025-04-09T14:56:42","date_gmt":"2025-04-09T14:56:42","guid":{"rendered":"https:\/\/www.polidesign.net\/it\/?post_type=people&#038;p=129904"},"modified":"2025-04-09T15:07:53","modified_gmt":"2025-04-09T15:07:53","slug":"paolo-bartoli","status":"publish","type":"people","link":"https:\/\/www.polidesign.net\/it\/people\/paolo-bartoli\/","title":{"rendered":"Paolo Bartoli"},"author":39,"featured_media":129905,"template":"","meta":[],"yoast_head":"<!-- This site is optimized with the Yoast SEO plugin v15.7 - https:\/\/yoast.com\/wordpress\/plugins\/seo\/ -->\n<title>Paolo Bartoli &bull; POLI.design<\/title>\n<meta name=\"robots\" content=\"index, follow, max-snippet:-1, max-image-preview:large, max-video-preview:-1\" \/>\n<link rel=\"canonical\" href=\"https:\/\/www.polidesign.net\/it\/people\/paolo-bartoli\/\" \/>\n<meta property=\"og:locale\" content=\"it_IT\" \/>\n<meta property=\"og:type\" content=\"article\" \/>\n<meta property=\"og:title\" content=\"Paolo Bartoli &bull; POLI.design\" \/>\n<meta property=\"og:url\" content=\"https:\/\/www.polidesign.net\/it\/people\/paolo-bartoli\/\" \/>\n<meta property=\"og:site_name\" content=\"POLI.design\" \/>\n<meta property=\"article:publisher\" content=\"https:\/\/www.facebook.com\/polidesignmilano\" \/>\n<meta property=\"article:modified_time\" content=\"2025-04-09T15:07:53+00:00\" \/>\n<meta property=\"og:image\" content=\"https:\/\/www.polidesign.net\/wp-content\/uploads\/2025\/04\/Paolo-Bartoli_Faculty-POLI.design.png\" \/>\n\t<meta property=\"og:image:width\" content=\"600\" \/>\n\t<meta property=\"og:image:height\" content=\"600\" \/>\n<meta name=\"twitter:card\" content=\"summary_large_image\" \/>\n<meta name=\"twitter:site\" content=\"@POLI_design\" \/>\n<script type=\"application\/ld+json\" class=\"yoast-schema-graph\">{\"@context\":\"https:\/\/schema.org\",\"@graph\":[{\"@type\":\"Organization\",\"@id\":\"https:\/\/www.polidesign.net\/it\/#organization\",\"name\":\"POLI.design\",\"url\":\"https:\/\/www.polidesign.net\/it\/\",\"sameAs\":[\"https:\/\/www.facebook.com\/polidesignmilano\",\"https:\/\/www.instagram.com\/polidesign\/\",\"https:\/\/www.linkedin.com\/company\/polidesign-milano\",\"https:\/\/www.youtube.com\/user\/POLIdesign\",\"https:\/\/twitter.com\/POLI_design\"],\"logo\":{\"@type\":\"ImageObject\",\"@id\":\"https:\/\/www.polidesign.net\/it\/#logo\",\"inLanguage\":\"it-IT\",\"url\":\"https:\/\/www.polidesign.net\/wp-content\/uploads\/2020\/10\/Logo-Polidesign-14.svg\",\"width\":182,\"height\":36,\"caption\":\"POLI.design\"},\"image\":{\"@id\":\"https:\/\/www.polidesign.net\/it\/#logo\"}},{\"@type\":\"WebSite\",\"@id\":\"https:\/\/www.polidesign.net\/it\/#website\",\"url\":\"https:\/\/www.polidesign.net\/it\/\",\"name\":\"POLI.design\",\"description\":\"\",\"publisher\":{\"@id\":\"https:\/\/www.polidesign.net\/it\/#organization\"},\"potentialAction\":[{\"@type\":\"SearchAction\",\"target\":\"https:\/\/www.polidesign.net\/it\/?s={search_term_string}\",\"query-input\":\"required name=search_term_string\"}],\"inLanguage\":\"it-IT\"},{\"@type\":\"ImageObject\",\"@id\":\"https:\/\/www.polidesign.net\/it\/people\/paolo-bartoli\/#primaryimage\",\"inLanguage\":\"it-IT\",\"url\":\"https:\/\/www.polidesign.net\/wp-content\/uploads\/2025\/04\/Paolo-Bartoli_Faculty-POLI.design.png\",\"width\":600,\"height\":600},{\"@type\":\"WebPage\",\"@id\":\"https:\/\/www.polidesign.net\/it\/people\/paolo-bartoli\/#webpage\",\"url\":\"https:\/\/www.polidesign.net\/it\/people\/paolo-bartoli\/\",\"name\":\"Paolo Bartoli &bull; POLI.design\",\"isPartOf\":{\"@id\":\"https:\/\/www.polidesign.net\/it\/#website\"},\"primaryImageOfPage\":{\"@id\":\"https:\/\/www.polidesign.net\/it\/people\/paolo-bartoli\/#primaryimage\"},\"datePublished\":\"2025-04-09T14:56:42+00:00\",\"dateModified\":\"2025-04-09T15:07:53+00:00\",\"inLanguage\":\"it-IT\",\"potentialAction\":[{\"@type\":\"ReadAction\",\"target\":[\"https:\/\/www.polidesign.net\/it\/people\/paolo-bartoli\/\"]}]}]}<\/script>\n<!-- \/ Yoast SEO plugin. -->","acf":{"nome":"Paolo","cognome":"Bartoli","carica":"","foto":{"ID":129905,"id":129905,"title":"Paolo Bartoli_Faculty POLI.design","filename":"Paolo-Bartoli_Faculty-POLI.design.png","filesize":150168,"url":"https:\/\/www.polidesign.net\/wp-content\/uploads\/2025\/04\/Paolo-Bartoli_Faculty-POLI.design.png","link":"https:\/\/www.polidesign.net\/it\/people\/paolo-bartoli\/attachment\/paolo-bartoli_faculty-poli-design\/","alt":"","author":"39","description":"","caption":"","name":"paolo-bartoli_faculty-poli-design","status":"inherit","uploaded_to":129904,"date":"2025-04-09 14:56:28","modified":"2025-04-09 14:56:28","menu_order":0,"mime_type":"image\/png","type":"image","subtype":"png","icon":"https:\/\/www.polidesign.net\/wp-includes\/images\/media\/default.png","width":600,"height":600,"sizes":{"thumbnail":"https:\/\/www.polidesign.net\/wp-content\/uploads\/2025\/04\/Paolo-Bartoli_Faculty-POLI.design-150x150.png","thumbnail-width":150,"thumbnail-height":150,"medium":"https:\/\/www.polidesign.net\/wp-content\/uploads\/2025\/04\/Paolo-Bartoli_Faculty-POLI.design-300x300.png","medium-width":300,"medium-height":300,"medium_large":"https:\/\/www.polidesign.net\/wp-content\/uploads\/2025\/04\/Paolo-Bartoli_Faculty-POLI.design.png","medium_large-width":600,"medium_large-height":600,"large":"https:\/\/www.polidesign.net\/wp-content\/uploads\/2025\/04\/Paolo-Bartoli_Faculty-POLI.design.png","large-width":600,"large-height":600,"1536x1536":"https:\/\/www.polidesign.net\/wp-content\/uploads\/2025\/04\/Paolo-Bartoli_Faculty-POLI.design.png","1536x1536-width":600,"1536x1536-height":600,"2048x2048":"https:\/\/www.polidesign.net\/wp-content\/uploads\/2025\/04\/Paolo-Bartoli_Faculty-POLI.design.png","2048x2048-width":600,"2048x2048-height":600}},"motto":"","relazioni":{"corso":"","area_formazione":false,"tipologia_formazione":false,"settore":false,"tags_poli":false,"ways_of_innovation":false,"alumni":false,"people":""},"contatti":false,"people_tab_didattica_contenuto":false,"people_formazione":"","people_tab_bio_content":"<p>Architetto e designer, si \u00e8 laureato nel 1994 presso la Facolt\u00e0 di Architettura del Politecnico di Milano. Dopo un\u2019esperienza formativa in Germania, Paolo Bartoli ha iniziato a collaborare con Carlo (1931-2020) e Anna Bartoli. Insieme, hanno fondato lo studio associato Bartoli Design: lo studio porta avanti l\u2019esperienza di Carlo Bartoli nel design, consolidata attraverso numerose collaborazioni con aziende leader nel settore dell\u2019arredamento, in Italia ed all\u2019estero.<\/p>\n<p>La ricerca dello studio esplora l&#8217;eleganza basata su semplicit\u00e0 ed equilibrio. Dal concept al product design, dall&#8217;art direction ed alle strategie di branding, le attivit\u00e0 dello studio abbracciano l&#8217;intero spettro dei servizi di progettazione. &#8220;Dagli oggetti agli ambienti ci prendiamo cura del design dettagliato&#8221;: con questo motto Bartoli Design lavora anche su architettura, allestimenti e interni.<\/p>\n<p>Combinando creativit\u00e0 con una profonda conoscenza delle tecnologie, dei processi industriali, del valore dell&#8217;artigianato e delle tecniche artigianali, Bartoli Design ha sviluppato prodotti best-seller che della longevit\u00e0 fanno un valore legato alla sostenibilit\u00e0 e all\u2019etica verso i consumatori. Il loro rigoroso percorso progettuale, declinato in diverse aree tematiche, include una particolare capacit\u00e0 di entrare in empatia con le esigenze di crescita e di sviluppo delle numerose aziende di arredamento con cui hanno collaborato. I progetti di Bartoli Design includono articoli personalizzati, mobili su misura, pezzi unici d&#8217;arte, piccole serie fatte a mano, produzioni seriali personalizzabili e produzioni seriali industriali per ambienti residenziali, commerciali e pubblici.<\/p>\n<p>Il lavoro dello studio \u00e8 stato esposto in Italia e all&#8217;estero: al Triennale Design Museum di Milano, al Victoria and Albert Museum di Londra, allo Stadt Museum di Colonia, cos\u00ec come a New York, Praga, Hong Kong, Atene e Buenos Aires. La poltrona Gaia \u00e8 inclusa nella collezione di design del MOMA di New York e del Triennale Design Museum di Milano. La sedia 4875 \u00e8 esposta nella collezione di design del National Arts Museum del Centre Pompidou di Parigi.<\/p>\n<p>Bartoli Design ha ricevuto il XXI Compasso d&#8217;Oro ADI per la sedia R606Uno. Lo studio \u00e8 stato selezionato per rappresentare il design italiano sul set di francobolli italiani intitolato &#8220;Il design italiano per un nuovo paesaggio domestico&#8221;. Carlo Bartoli ha ricevuto il Premio ADI Compasso d&#8217;Oro alla carriera nel 2016, per il suo eccezionale e costante contributo all&#8217;arricchimento della cultura del design italiano.<\/p>\n<p>Molti altri prodotti di Bartoli Design hanno ricevuto premi di design: la poltrona Breeze con l&#8217;I.D. Design Distinction Award, l&#8217;Apex Product Design Award, il Red Dot e l&#8217;IF Award for Good Industrial Design; il divano Tube con l&#8217;IF Award for Good Industrial Design; il tavolo Sol con il Good Design Award 2010; i tavoli Still e Octa con il Red Dot 2013 e il Good Design Award 2014; la sedia Mercury Curva con il Good Design Award 2015; nel 2016, il sistema di sedute Camel con il Golden Key Award. Il tavolo Janeiro \u00e8 stato selezionato dall&#8217;ADI Design Index 2021. Il lavabo O_O ha ricevuto il BIG SEE Product Design Award 2022.<\/p>\n<p>Tiene numerose conferenze e workshop in Italia e all\u2019estero su temi legati al design dell\u2019arredo, innovazione, tecnologia e sostenibilit\u00e0, in collaborazione con universit\u00e0 ed enti di alta specializzazione. \u00c8 stato invitato a rappresentare il Politecnico di Milano al Longjiang Furniture Design Summit di Guangzhou, con l\u2019intervento \u201cHome Design Trends: An Italian Perspective\u201d.<\/p>\n<p>Da molti anni si dedica all\u2019insegnamento, maturando una solida esperienza didattica nel campo del design. Ha ricoperto per diverso tempo il ruolo di docente incaricato di Disegno Industriale presso la Facolt\u00e0 del Design del Politecnico di Milano ed attualmente collabora con POLI.Design, dove \u00e8 docente nei Master internazionali di Furniture Design e Designing for Transition. In questo contesto, sviluppa diversi workshop di progettazione, occupandosi di tecnologia, materiali, sviluppo prodotto, ingegnerizzazione e sostenibilit\u00e0.<\/p>\n","people_tab_pubblicazioni_contenuto":false,"people_press":"","people_tab_articoli_contenuto":false,"people_news":"","people_tab_showcase_contenuto":false,"people_showcase":"","people_tab_eventi_contenuto":false,"people_eventi":""},"_links":{"self":[{"href":"https:\/\/www.polidesign.net\/it\/wp-json\/wp\/v2\/people\/129904"}],"collection":[{"href":"https:\/\/www.polidesign.net\/it\/wp-json\/wp\/v2\/people"}],"about":[{"href":"https:\/\/www.polidesign.net\/it\/wp-json\/wp\/v2\/types\/people"}],"author":[{"embeddable":true,"href":"https:\/\/www.polidesign.net\/it\/wp-json\/wp\/v2\/users\/39"}],"version-history":[{"count":1,"href":"https:\/\/www.polidesign.net\/it\/wp-json\/wp\/v2\/people\/129904\/revisions"}],"predecessor-version":[{"id":129907,"href":"https:\/\/www.polidesign.net\/it\/wp-json\/wp\/v2\/people\/129904\/revisions\/129907"}],"wp:featuredmedia":[{"embeddable":true,"href":"https:\/\/www.polidesign.net\/it\/wp-json\/wp\/v2\/media\/129905"}],"wp:attachment":[{"href":"https:\/\/www.polidesign.net\/it\/wp-json\/wp\/v2\/media?parent=129904"}],"curies":[{"name":"wp","href":"https:\/\/api.w.org\/{rel}","templated":true}]}}

<p>Architetto e designer, si è laureato nel 1994 presso la Facoltà di Architettura del Politecnico di Milano. Dopo un’esperienza formativa in Germania, Paolo Bartoli ha iniziato a collaborare con Carlo (1931-2020) e Anna Bartoli. Insieme, hanno fondato lo studio associato Bartoli Design: lo studio porta avanti l’esperienza di Carlo Bartoli nel design, consolidata attraverso numerose collaborazioni con aziende leader nel settore dell’arredamento, in Italia ed all’estero.</p>
<p>La ricerca dello studio esplora l&#8217;eleganza basata su semplicità ed equilibrio. Dal concept al product design, dall&#8217;art direction ed alle strategie di branding, le attività dello studio abbracciano l&#8217;intero spettro dei servizi di progettazione. &#8220;Dagli oggetti agli ambienti ci prendiamo cura del design dettagliato&#8221;: con questo motto Bartoli Design lavora anche su architettura, allestimenti e interni.</p>
<p>Combinando creatività con una profonda conoscenza delle tecnologie, dei processi industriali, del valore dell&#8217;artigianato e delle tecniche artigianali, Bartoli Design ha sviluppato prodotti best-seller che della longevità fanno un valore legato alla sostenibilità e all’etica verso i consumatori. Il loro rigoroso percorso progettuale, declinato in diverse aree tematiche, include una particolare capacità di entrare in empatia con le esigenze di crescita e di sviluppo delle numerose aziende di arredamento con cui hanno collaborato. I progetti di Bartoli Design includono articoli personalizzati, mobili su misura, pezzi unici d&#8217;arte, piccole serie fatte a mano, produzioni seriali personalizzabili e produzioni seriali industriali per ambienti residenziali, commerciali e pubblici.</p>
<p>Il lavoro dello studio è stato esposto in Italia e all&#8217;estero: al Triennale Design Museum di Milano, al Victoria and Albert Museum di Londra, allo Stadt Museum di Colonia, così come a New York, Praga, Hong Kong, Atene e Buenos Aires. La poltrona Gaia è inclusa nella collezione di design del MOMA di New York e del Triennale Design Museum di Milano. La sedia 4875 è esposta nella collezione di design del National Arts Museum del Centre Pompidou di Parigi.</p>
<p>Bartoli Design ha ricevuto il XXI Compasso d&#8217;Oro ADI per la sedia R606Uno. Lo studio è stato selezionato per rappresentare il design italiano sul set di francobolli italiani intitolato &#8220;Il design italiano per un nuovo paesaggio domestico&#8221;. Carlo Bartoli ha ricevuto il Premio ADI Compasso d&#8217;Oro alla carriera nel 2016, per il suo eccezionale e costante contributo all&#8217;arricchimento della cultura del design italiano.</p>
<p>Molti altri prodotti di Bartoli Design hanno ricevuto premi di design: la poltrona Breeze con l&#8217;I.D. Design Distinction Award, l&#8217;Apex Product Design Award, il Red Dot e l&#8217;IF Award for Good Industrial Design; il divano Tube con l&#8217;IF Award for Good Industrial Design; il tavolo Sol con il Good Design Award 2010; i tavoli Still e Octa con il Red Dot 2013 e il Good Design Award 2014; la sedia Mercury Curva con il Good Design Award 2015; nel 2016, il sistema di sedute Camel con il Golden Key Award. Il tavolo Janeiro è stato selezionato dall&#8217;ADI Design Index 2021. Il lavabo O_O ha ricevuto il BIG SEE Product Design Award 2022.</p>
<p>Tiene numerose conferenze e workshop in Italia e all’estero su temi legati al design dell’arredo, innovazione, tecnologia e sostenibilità, in collaborazione con università ed enti di alta specializzazione. È stato invitato a rappresentare il Politecnico di Milano al Longjiang Furniture Design Summit di Guangzhou, con l’intervento “Home Design Trends: An Italian Perspective”.</p>
<p>Da molti anni si dedica all’insegnamento, maturando una solida esperienza didattica nel campo del design. Ha ricoperto per diverso tempo il ruolo di docente incaricato di Disegno Industriale presso la Facoltà del Design del Politecnico di Milano ed attualmente collabora con POLI.Design, dove è docente nei Master internazionali di Furniture Design e Designing for Transition. In questo contesto, sviluppa diversi workshop di progettazione, occupandosi di tecnologia, materiali, sviluppo prodotto, ingegnerizzazione e sostenibilità.</p>
